
2, 168527257
List the prime factors of 1159254863.
13, 181, 492671
List the prime factors of 452545699.
1433, 315803
What are the prime factors of 64943503?
7043, 9221
List the prime factors of 65786967.
3, 71, 102953
List the prime factors of 65331099.
3, 7259011
What are the prime factors of 82189268?
2, 7, 107, 3919
What are the prime factors of 86232150?
2, 3, 5, 191627
List the prime factors of 1224501880.
2, 5, 7, 4373221
What are the prime factors of 16116959?
19, 43, 19727
What are the prime factors of 407776452?
2, 3, 4937, 6883
What are the prime factors of 704202943?
2129, 330767
List the prime factors of 3668144612.
2, 11, 89, 179, 5233
What are the prime factors of 136055214?
2, 3, 279949
List the prime factors of 1242454462.
2, 127, 1999, 2447
List the prime factors of 2209011637.
7, 17, 1019, 18217
List the prime factors of 1179089282.
2, 7, 47, 107, 16747
What are the prime factors of 28190484?
2, 3, 7, 761
List the prime factors of 3745864211.
3745864211
List the prime factors of 31935445.
5, 71, 89959
List the prime factors of 1775920770.
2, 3, 5, 13, 1517881
What are the prime factors of 353754539?
199, 1777661
List the prime factors of 1652188544.
2, 12907723
List the prime factors of 1872184314.
2, 3, 7, 11, 13, 23, 13553
List the prime factors of 38856834.
2, 3, 239857
List the prime factors of 52488906.
2, 3, 19, 271, 1699
What are the prime factors of 237694646?
2, 7, 17, 998717
List the prime factors of 285077146.
2, 89, 101, 157
What are the prime factors of 1016002235?
5, 13499, 15053
List the prime factors of 100978301.
100978301
List the prime factors of 326929647.
3, 11, 151, 65609
List the prime factors of 328138774.
2, 164069387
List the prime factors of 295895446.
2, 7, 11, 107, 17957
List the prime factors of 140137446.
2, 3, 263, 88807
List the prime factors of 865960320.
2, 3, 5, 163, 2767
List the prime factors of 1116375161.
11, 47, 196303
List the prime factors of 868481829.
3, 59, 1635559
List the prime factors of 286974737.
7, 5483, 7477
List the prime factors of 730869394.
2, 619, 590363
What are the prime factors of 9985510?
2, 5, 998551
List the prime factors of 11153664.
2, 3, 47, 103
List the prime factors of 1499842751.
11, 136349341
What are the prime factors of 69841065?
3, 5, 7, 665153
What are the prime factors of 356366732?
2, 29, 3072127
List the prime factors of 1141342730.
2, 5, 11, 19, 546097
What are the prime factors of 256977224?
2, 7, 4588879
List the prime factors of 245561812.
2, 1187, 51719
List the prime factors of 99485267.
7, 37, 384113
List the prime factors of 206634520.
2, 5, 59, 87557
List the prime factors of 1299678782.
2, 31, 331, 63331
What are the prime factors of 21953946?
2, 3, 7, 719, 727
List the prime factors of 13625026.
2, 6812513
What are the prime factors of 210627653?
210627653
List the prime factors of 3186896339.
11, 41, 67, 105467
What are the prime factors of 2393662102?
2, 13, 167, 551281
What are the prime factors of 1748571275?
5, 11, 31, 205111
What are the prime factors of 1189121121?
3, 44041523
What are the prime factors of 416802262?
2, 37, 79, 83, 859
What are the prime factors of 2133207640?
2, 5, 43, 67, 107, 173
List the prime factors of 19146907.
13, 47, 31337
List the prime factors of 147866537.
7, 13, 73, 22259
List the prime factors of 18559313.
47, 394879
What are the prime factors of 747004057?
19, 39316003
List the prime factors of 1554276007.
211, 421, 17497
List the prime factors of 203315957.
13, 643, 1871
What are the prime factors of 84286708?
2, 11, 43, 44549
What are the prime factors of 812259724?
2, 29, 281, 24919
List the prime factors of 315633318.
2, 3, 7, 11, 13, 52553
List the prime factors of 31094716.
2, 19, 79, 5179
What are the prime factors of 8340601815?
3, 5, 7, 13, 71, 28687
What are the prime factors of 284291770?
2, 5, 7, 79, 101, 509
What are the prime factors of 886161212?
2, 14411, 15373
What are the prime factors of 30993111?
3, 382631
List the prime factors of 250918956.
2, 3, 6969971
List the prime factors of 91548493.
91548493
What are the prime factors of 698038451?
11, 63458041
What are the prime factors of 137219318?
2, 68609659
What are the prime factors of 28126842?
2, 3, 953, 4919
List the prime factors of 132498374.
2, 17, 1013, 3847
What are the prime factors of 1140992837?
1140992837
List the prime factors of 58987556.
2, 14746889
What are the prime factors of 38574161?
19, 167, 12157
What are the prime factors of 6855602?
2, 13, 263677
List the prime factors of 4893362756.
2, 17, 89, 808553
What are the prime factors of 201408378?
2, 3, 23, 1459481
What are the prime factors of 7685075642?
2, 71, 54120251
What are the prime factors of 2177574093?
3, 131, 1846967
List the prime factors of 28682569.
127, 449, 503
List the prime factors of 845362772.
2, 2767, 76379
What are the prime factors of 6033487?
17, 354911
What are the prime factors of 2564900151?
3, 11, 101, 769547
What are the prime factors of 1834021560?
2, 3, 5, 7, 2183359
List the prime factors of 2006994647.
7, 503, 647, 881
List the prime factors of 11619731.
11619731
What are the prime factors of 2724016375?
5, 569, 38299
What are the prime factors of 18395384?
2, 7, 167, 281
What are the prime factors of 629511144?
2, 3, 26229631
What are the prime factors of 191575364?
2, 6841, 7001
List the prime factors of 1244375078.
2, 17, 36599267
What are the prime factors of 266585351?
647, 412033
List the prime factors of 460503977.
31, 14854967
What are the prime factors of 1673133727?
17, 98419631
What are the prime factors of 2381939825?
5, 95277593
What are the prime factors of 393998315?
5, 41, 349, 5507
List the prime factors of 3070293673.
317, 593, 16333
List the prime factors of 615045631.
251, 2450381
List the prime factors of 4923851.
101, 48751
What are the prime factors of 1002074859?
3, 7867, 14153
List the prime factors of 1801830207.
3, 1721, 348989
List the prime factors of 324181464.
2, 3, 1381, 9781
What are the prime factors of 134398224?
2, 3, 59, 5273
What are the prime factors of 237083258?
2, 17, 967, 7211
What are the prime factors of 67994206?
2, 7, 1493, 3253
What are the prime factors of 676150321?
7, 11, 19, 37, 12491
List the prime factors of 155580156.
2, 3, 1440557
List the prime factors of 185059409.
151, 1225559
What are the prime factors of 308274384?
2, 3, 11, 583853
List the prime factors of 113517214.
2, 71, 799417
What are the prime factors of 22214787?
3, 7, 151121
List the prime factors of 1525159330.
2, 5, 673, 226621
What are the prime factors of 3350194791?
3, 79, 14135843
List the prime factors of 49330815.
3, 5, 3288721
List the prime factors of 1263907563.
3, 229, 1069, 1721
What are the prime factors of 84802543?
7, 163, 74323
List the prime factors of 1240421645.
5, 43, 5769403
List the prime factors of 7798698976.
2, 37, 6586739
What are the prime factors of 192019996?
2, 7, 113, 60689
List the prime factors of 23930699.
13, 877, 2099
List the prime factors of 2080498304.
2, 23, 751, 941
List the prime factors of 390575641.
97, 557, 7229
List the prime factors of 350095140.
2, 3, 5, 19, 102367
What are the prime factors of 875848291?
875848291
List the prime factors of 87485937.
3, 7, 11, 19, 31, 643
List the prime factors of 19749804.
2, 3, 281, 5857
List the prime factors of 32449286.
2, 41, 307, 1289
What are the prime factors of 5614387?
89, 199, 317
What are the prime factors of 866726983?
866726983
List the prime factors of 59187315.
3, 5, 11, 358711
What are the prime factors of 38099504?
2, 29, 157, 523
What are the prime factors of 14547200?
2, 5, 2273
List the prime factors of 183735337.
17, 503, 21487
What are the prime factors of 859490014?
2, 1153, 372719
List the prime factors of 3696356124.
2, 3, 29, 223, 15877
List the prime factors of 630051321.
3, 210017107
List the prime factors of 48087221.
7, 13, 79, 6689
What are the prime factors of 834571210?
2, 5, 11, 7587011
What are the prime factors of 1880558687?
7, 19, 181, 191, 409
What are the prime factors of 1020116624?
2, 571, 111659
List the prime factors of 62023797.
3, 11, 101, 6203
What are the prime factors of 227270676?
2, 3, 79, 239737
What are the prime factors of 69066343?
151, 457393
What are the prime factor